5*j**2 - 1. Let q be k(1). What is the greatest common factor of q and v?
4
Suppose -m + 2*m + 6*m = 0. Suppose m = -2*x - 4, -4*x - 348 = -7*g + 6*g. Calculate the greatest common divisor of 40 and g.
20
Suppose 3*t + 162 = 2*i, 11805*t = 3*i + 11811*t - 117. Suppose p = -2*m + 19, 5*m - 31 - 11 = 3*p. Calculate the highest common factor of m and i.
9
Suppose -4*n + 3*v + 10988 = 0, 157*v - 2747 = -n + 158*v. Calculate the highest common divisor of 41 and n.
41
Let k(s) = 18*s - 1. Let q be k(1). Let l be (-1 - -4)*57/(-2 - -5). Suppose 72*v - l*v = 765. Calculate the greatest common divisor of q and v.
17
Let w(p) = p**3 - 7*p**2 + 8*p - 8. Suppose 3*o - 48 = -o + 4*i, -2*i + 24 = 4*o. Let h be w(o). What is the greatest common factor of 30 and h?
30
Suppose 599 - 524 = 25*x. What is the greatest common divisor of 109 and x?
1
Suppose -100*o + 1059 = 78*o + 18*o - 1293. Let d = -28 + 67. Calculate the greatest common factor of d and o.
3
Let o(w) be the first derivative of -w**3/3 - 9*w**2/2 - 5*w + 8. Let s = 22 + -27. Let x be o(s). What is the highest common factor of x and 105?
15
Suppose 5*r - 122 + 23 = -3*b, -80 = -4*r - 2*b. Suppose 472 = 2*k + 5*u, -3*k = -k - u - 460. Calculate the greatest common factor of k and r.
21
Let g = 15716 + -13070. Calculate the greatest common divisor of 54 and g.
54
Let i be -1 + -3 + (4*52)/(-77 - -78). Let q be (136/6)/((-1)/(-3)). Calculate the highest common divisor of q and i.
68
Let o(t) = t**2 - 9. Let a be o(0). Let d(w) = -w**2 - 11*w + 8. Let p be d(a). Suppose -7*q + 780 = 5*q. Calculate the highest common divisor of p and q.
13
Suppose -284780 = -1479*n + 497*n. Let k = 41 + -28. Suppose -f - k = -71. Calculate the highest common factor of f and n.
58
Let y = 178 + 117. Let c = y - -2. Calculate the greatest common factor of c and 27.
27
Let k = -63 - -65. Suppose 0 = -k*z + 131 - 7. Calculate the highest common divisor of 62 and z.
62
Suppose -745*h + 9381 + 5669 = -740*h. Calculate the greatest common divisor of h and 70.
70
Suppose -3*j - 4*c + 48 = -30, 5*j - 130 = 4*c. Let w be 6/(-24)*-4*39. Calculate the greatest common factor of j and w.
13
Let k(u) = -u**3 + 16*u**2 - 15*u + 1. Let r be k(15). Suppose -14 - r = -i. Let y be 10/(-25) + (231/i - -2). Calculate the highest common factor of y and 51.
17
Suppose -68*q + 222453 + 847152 = -125495. Calculate the highest common factor of q and 95.
95
Let y = 35042 + -28605. What is the greatest common factor of y and 82?
41
Suppose 0 = -3*v + 1616 - 1136. What is the greatest common divisor of v and 48?
16
Let w = 1472 - 1387. Calculate the greatest common factor of w and 1292.
17
Let x be 6/16*2 - ((-2855985)/(-60))/(-19). What is the highest common factor of x and 406?
14
Let b be (3 - 93/33) + 84/22. Calculate the greatest common factor of 282 and b.
2
Suppose -3*m + 769*t - 765*t = -598, 5*t + 401 = 2*m. Let g be 16/6*(-66)/(-4). Calculate the greatest common factor of g and m.
22
Let i = -1871 - -1895. Let k = -626 + 1106. Calculate the greatest common divisor of k and i.
24
Let z = -205 - -330. Let p = z + 125. Calculate the highest common divisor of 10 and p.
10
Let i = -1641 - -1659. Calculate the greatest common divisor of i and 3222.
18
Let h = -34 - -33. Let n = h + 52. Suppose n = 2*t + 37. What is the highest common factor of t and 56?
7
Suppose 0 = 35*h - 12*h + 84*h - 4815. Suppose -74 = -4*z - 18. Suppose 1 = 3*g - z. What is the highest common factor of h and g?
5
Suppose 88 = -0*g + 2*g - 2*t, 5*g + 5*t = 170. Suppose 74*u = 70*u + 832. What is the highest common factor of g and u?
13
Suppose -46*j + 31*j = -690. Calculate the highest common divisor of j and 4.
2
Let z(x) = 5*x**3 - 14*x**2 + 101*x - 69. Let y be z(8). What is the greatest common factor of y and 178?
89
Let z = -19 + 17. Let o be (z/(-6))/((-14)/210). Let b(a) = -a - 1. Let v be b(o). What is the greatest common divisor of 12 and v?
4
Let v(u) = 36*u**2 - 17*u - 110. Let w be v(10). What is the greatest common divisor of w and 40?
40
Let x = -3735 + 3749. Calculate the greatest common divisor of 80 and x.
2
Let i be -3 + 3/(9/33). Let y be (i/12)/(1/(-129)*-2). Suppose c - 4*a = 159, y + 119 = c - 3*a. What is the greatest common factor of 19 and c?
19
Let y be (-2)/(-5)*-3*-120. Let k(j) = -3318*j - 122754. Let w be k(-37). Calculate the greatest common factor of y and w.
12
Let h(a) = 5*a - 16. Let t be h(4). Suppose t*r + 3*s - 1197 = 0, r + 2*s = 4*s + 291. Suppose -c + 37 = 4. What is the greatest common factor of c and r?
33
Let m = 847 + -427. Suppose 29*j = 25*j + m. Calculate the highest common divisor of j and 42.
21
Let t be 2/((1/(-12))/((-936)/96)). Let f(p) = 10*p - p - 3*p. Let k be f(3). Calculate the greatest common factor of k and t.
18
Let s be (8/12)/(6 - (-80)/(-12)). Let l be s/((-5)/360) - 7. What is the highest common factor of l and 25?
5
Let p(g) = 22*g**2 + 2*g + 1. Let l be p(2). Let q(t) = 12*t**2 + t + 10. Let f be q(2). Let s = l - f. What is the highest common factor of 33 and s?
33
Suppose -w = 15*z - 10*z - 563, -2*w = -3*z + 343. Suppose -5*y - 14*g = -16*g - z, 4*y + 2*g - 76 = 0. Calculate the highest common factor of 15 and y.
3
Let f = 12504 - 7968. Calculate the highest common factor of 42 and f.
42
Let w(o) = -2*o**2 - 15*o + 2. Suppose 19*r + 21 = 16*r. Let d be w(r). Calculate the highest common factor of d and 171.
9
Let y be 540/100 - 4*(-2)/(-20). Suppose y*m - a = 42, m = 2*a - 5*a + 2. Let w = m - -13. Calculate the highest common divisor of w and 147.
21
Let c be -4 - (1 + 30/(-5)). Let z be (c/((-2)/(-17)))/(4/248). What is the greatest common divisor of 17 and z?
17
Let z be (0 + -3)*(-37 - (-272)/17). What is the highest common factor of z and 896?
7
Let o be 243/4 + 3/12 + (10 - 5). What is the highest common factor of o and 9?
3
Let m = -11406 + 11447. Calculate the highest common factor of 6847 and m.
41
Let r = 531 - 497. Suppose -r*a + 299 + 75 = 0. Suppose 0 = -0*j + j - 88. What is the highest common factor of j and a?
11
Let k(p) = 31*p**2 + 100*p - 16. Let u be k(-4). Calculate the highest common factor of 20 and u.
20
Let w = 1367 + -1365. Calculate the greatest common factor of w and 1250.
2
Let j be (-24 - 0)*-4*(-5)/(-40). Suppose 0 = 9*s - 13*s + j. Suppose -5*m + 350 = b - 6*b, -m - s*b = -54. Calculate the greatest common divisor of 99 and m.
33
Let b = -185 + 188. Suppose b*v - 237 = -5*m, 0 = -4*v - 5*m - 156 + 477. Calculate the greatest common factor of v and 12.
12
Let z(m) = 3*m**2 + 66*m + 446. Let b be z(-12). Calculate the highest common divisor of b and 3569.
43
Suppose 4*n - 34 = 5*z, 7*n - 10*n + 14 = 2*z. Suppose 7 = -b - 6. Let l = b - -17. What is the greatest common divisor of l and n?
2
Suppose 21*i - 398 = 16*i - 3*k, -2*k = -4*i + 336. Let r = i + -70. Suppose -z - 3 + 2 = 0, 5*f - 2*z = 482. What is the greatest common factor of r and f?
12
Let k(i) = 6*i**2 - 22*i + 22. Let n be k(9). Suppose 5*l = 3*w + 565, -n = -3*l - 0*l - 4*w. Calculate the greatest common divisor of l and 44.
22
Suppose v - 28 = -4*t - 21, 2*v + 1 = -3*t. Suppose -5*r = -t*r + 2*n - 232, -5*r + n + 556 = 0. What is the greatest common divisor of 70 and r?
14
Let v be (-875)/5*45/30*(-4)/6. Calculate the greatest common factor of v and 775.
25
Let s be ((-12)/10)/(1/5). Let w be s/15 - 852/(-30). Let q(z) = -7*z + 70. Let p be q(-18). What is the greatest common divisor of p and w?
28
Let y(g) = g**3 - 65*g + 23*g - 2 + 33*g + 5*g**2. Let j be y(-7). Let p = j + 82. What is the greatest common factor of p and 9?
9
Let j(u) = 139*u + 147. Let g be j(-1). What is the greatest common factor of g and 988?
4
Suppose 7*w = -4*w + 4235. Suppose 12*o - 47 - w = 0. Let f be (2 - -2) + -1*80/(-4). What is the greatest common divisor of f and o?
12
Suppose 716 = 5*w - 2*p, -5*p - 302 = -3*w + 120. Suppose -66 - 96 = -3*b. Calculate the highest common factor of w and b.
18
Suppose 4*g - 71 = 281. Let n = -2 + 5. Let b be 221 - 1/(3/n). What is the greatest common factor of g and b?
44
Suppose -2*j = -0 - 4, j + 38 = 5*o. Let a be 354/o + (-2)/8. Suppose 86462 - 19127 = 630*v - 71265. Calculate the greatest common divisor of v and a.
44
Suppose 3*a - 2981 = -h, -a + 796 = -h - 199. What is the greatest c